{"id":2114,"date":"2015-08-23T16:18:57","date_gmt":"2015-08-23T16:18:57","guid":{"rendered":"https:\/\/eakk.ee\/?page_id=2114"},"modified":"2015-12-06T15:10:15","modified_gmt":"2015-12-06T15:10:15","slug":"heigo-ritsbeki-piiskopiks-puhitsemise-iii-aastapaeva-missa-23-08-2015","status":"publish","type":"page","link":"https:\/\/eakk.ee\/?page_id=2114","title":{"rendered":"VIDEO: Heigo Ritsbeki piiskopiks p\u00fchitsemise III aastap\u00e4eva missa 23.08.2015"},"content":{"rendered":"<p>P\u00fchap\u00e4eval 23. augustil toimus EAKK Tallinna P\u00fcha Kolmainsuse koguduses PIDULIK PONTIFIKAALMISSA, millega t\u00e4histati \u00fchtlasi kardinal Heigo Ritsbeki kolmandat piiskopiks p\u00fchitsemise aastap\u00e4eva.<\/p>\n<p><center><iframe loading=\"lazy\" src=\"http:\/\/www.youtube.com\/embed\/Laj9N4y8YBM\" width=\"600\" height=\"337\" frameborder=\"0\" allowfullscreen=\"allowfullscreen\"><\/iframe><\/center><\/p>\n","protected":false},"excerpt":{"rendered":"<p>P\u00fchap\u00e4eval 23. augustil toimus EAKK Tallinna P\u00fcha Kolmainsuse koguduses PIDULIK PONTIFIKAALMISSA, millega t\u00e4histati \u00fchtlasi kardinal Heigo Ritsbeki kolmandat piiskopiks p\u00fchitsemise aastap\u00e4eva.<\/p>\n","protected":false},"author":1,"featured_media":0,"parent":309,"menu_order":0,"comment_status":"open","ping_status":"open","template":"","meta":{"_exactmetrics_skip_tracking":false,"_exactmetrics_sitenote_active":false,"_exactmetrics_sitenote_note":"","_exactmetrics_sitenote_category":0,"footnotes":""},"class_list":["post-2114","page","type-page","status-publish","hentry"],"_links":{"self":[{"href":"https:\/\/eakk.ee\/index.php?rest_route=\/wp\/v2\/pages\/2114","targetHints":{"allow":["GET"]}}],"collection":[{"href":"https:\/\/eakk.ee\/index.php?rest_route=\/wp\/v2\/pages"}],"about":[{"href":"https:\/\/eakk.ee\/index.php?rest_route=\/wp\/v2\/types\/page"}],"author":[{"embeddable":true,"href":"https:\/\/eakk.ee\/index.php?rest_route=\/wp\/v2\/users\/1"}],"replies":[{"embeddable":true,"href":"https:\/\/eakk.ee\/index.php?rest_route=%2Fwp%2Fv2%2Fcomments&post=2114"}],"version-history":[{"count":2,"href":"https:\/\/eakk.ee\/index.php?rest_route=\/wp\/v2\/pages\/2114\/revisions"}],"predecessor-version":[{"id":2282,"href":"https:\/\/eakk.ee\/index.php?rest_route=\/wp\/v2\/pages\/2114\/revisions\/2282"}],"up":[{"embeddable":true,"href":"https:\/\/eakk.ee\/index.php?rest_route=\/wp\/v2\/pages\/309"}],"wp:attachment":[{"href":"https:\/\/eakk.ee\/index.php?rest_route=%2Fwp%2Fv2%2Fmedia&parent=2114"}],"curies":[{"name":"wp","href":"https:\/\/api.w.org\/{rel}","templated":true}]}}

VIDEO: Heigo Ritsbeki piiskopiks pühitsemise III aastapäeva missa 23.08.2015

<p>Pühapäeval 23. augustil toimus EAKK Tallinna Püha Kolmainsuse koguduses PIDULIK PONTIFIKAALMISSA, millega tähistati ühtlasi kardinal Heigo Ritsbeki kolmandat piiskopiks pühitsemise aastapäeva.</p>
<p><center><iframe loading="lazy" src="http://www.youtube.com/embed/Laj9N4y8YBM" width="600" height="337" frameborder="0" allowfullscreen="allowfullscreen"></iframe></center></p>

<p>Pühapäeval 23. augustil toimus EAKK Tallinna Püha Kolmainsuse koguduses PIDULIK PONTIFIKAALMISSA, millega tähistati ühtlasi kardinal Heigo Ritsbeki kolmandat piiskopiks pühitsemise aastapäeva.</p>
