{"id":2,"date":"2012-05-30T18:03:59","date_gmt":"2012-05-30T18:03:59","guid":{"rendered":"https:\/\/eakk.ee\/?page_id=2"},"modified":"2026-03-07T17:35:10","modified_gmt":"2026-03-07T17:35:10","slug":"demoleht","status":"publish","type":"page","link":"https:\/\/eakk.ee\/?page_id=2","title":{"rendered":"Meist"},"content":{"rendered":"<p>Eesti Anglokatoliku Kirik (asutatud 2. mail 2012) on osa \u00fclemaailmsest Anglokatoliku Kirikust (l\u00fchendatult AKK, inglise keeles The Anglocatholic Church), millega \u00fchineti 21. veebruaril 2016 ja mida juhib patriarh dr Heigo Ritsbek. Eesti Anglokatoliku Kiriku eesotsas on peapiiskop dr Raivo Kodanik.<\/p>\n<p>Anglokatoliku Kirik on rahvusvaheline ja \u00fclemaailmne Kirik. Eestis asub P\u00fchima Neitsi Maarja Jumalaema peapiiskopkond.<\/p>\n<p>AKK patriarh ja piiskopid on apostellikus suktsessioonis, s.t. et AKK on katkematult seotud ajaloolise piiskopiametiga, mis ulatub tagasi varakirikusse ning mis on rajatud vastavalt Jeesuse korraldusele.<\/p>\n<p>AKK tegevus h\u00f5lmab erinevaid jumalateenistusi, millest peamine on p\u00fcha armulauajumalateenistus (euharistia). Kiriku liturgilised alused on nii Trento Missas kui ka anglikaani kiriku palveraamatus (&#8220;The Book of Common Prayer&#8221;).<\/p>\n<p>AKK tunnustab seitset sakramenti: ristimist, armulauda, pihti (lepitus-sakramenti), ordinatsiooni, konfirmatsiooni, abielu ja salvimist (v\u00f5idmist).<\/p>\n<p>AKK tunnustab k\u00f5ikide teiste kristlike Kirikute ristimisi, kui need on teostatud Isa, Poja ja P\u00fcha Vaimu nimel.<\/p>\n<p>AKK kogudustes on p\u00fcha armulaud avatud k\u00f5ikidele ristitud kristlastele vanusele vaatamata. Eeldatud on, et p\u00fchale armulauale tulijad usuvad Kristuse t\u00f5elist kohalolekut armulaual (<em>presens realis<\/em>) ning on armuseisundis, st enne armulauale tulekut on Jumalale oma patud tunnistanud kas \u00fcldpihis v\u00f5i erapihis.<\/p>\n<p>Lisaks p\u00fchakirjale on Kiriku ajaloolises traditsioonis kujunenud allj\u00e4rgnevad kirikukanoonilised dokumendid AKK \u00f5petuslikeks alusteks:<\/p>\n<p>a) Apostlik Usutunnistus,<br \/>\nb) Nikaia Usutunnistus,<br \/>\nc) P\u00fcha Athanasiuse Usutunnistus (nn. Quinque Vult),<br \/>\nd) anglikaani kiriku 39 usuartiklit,<br \/>\ne) Chicago-Lambeth&#8217;i Quadrilateral (1886, 1888).<\/p>\n<p>Eesti Anglokatoliku Kirik on oikumeeniliselt avatud kirik, me otsime koost\u00f6\u00f6d k\u00f5ikide teiste kirikutega ning kaaskristlastega.<\/p>\n<p>Vaata ka: <a href=\"https:\/\/eakk.ee\/?page_id=193\">Ajalugu<\/a><\/p>\n<p>Vaata veel: <a href=\"https:\/\/eakk.ee\/?p=7112\">Milleks Anglokatoliku Kirik?<\/a><\/p>\n","protected":false},"excerpt":{"rendered":"<p>Eesti Anglokatoliku Kirik (asutatud 2. mail 2012) on osa \u00fclemaailmsest Anglokatoliku Kirikust (l\u00fchendatult AKK, inglise keeles The Anglocatholic Church), millega \u00fchineti 21. veebruaril 2016 ja mida juhib patriarh dr Heigo Ritsbek. Eesti Anglokatoliku Kiriku eesotsas on peapiiskop dr Raivo Kodanik. &hellip; <a href=\"https:\/\/eakk.ee\/?page_id=2\">J\u00e4tka lugemist <span class=\"meta-nav\">&rarr;<\/span><\/a><\/p>\n","protected":false},"author":1,"featured_media":0,"parent":0,"menu_order":1,"comment_status":"open","ping_status":"open","template":"","meta":{"_exactmetrics_skip_tracking":false,"_exactmetrics_sitenote_active":false,"_exactmetrics_sitenote_note":"","_exactmetrics_sitenote_category":0,"footnotes":""},"class_list":["post-2","page","type-page","status-publish","hentry"],"_links":{"self":[{"href":"https:\/\/eakk.ee\/index.php?rest_route=\/wp\/v2\/pages\/2","targetHints":{"allow":["GET"]}}],"collection":[{"href":"https:\/\/eakk.ee\/index.php?rest_route=\/wp\/v2\/pages"}],"about":[{"href":"https:\/\/eakk.ee\/index.php?rest_route=\/wp\/v2\/types\/page"}],"author":[{"embeddable":true,"href":"https:\/\/eakk.ee\/index.php?rest_route=\/wp\/v2\/users\/1"}],"replies":[{"embeddable":true,"href":"https:\/\/eakk.ee\/index.php?rest_route=%2Fwp%2Fv2%2Fcomments&post=2"}],"version-history":[{"count":5,"href":"https:\/\/eakk.ee\/index.php?rest_route=\/wp\/v2\/pages\/2\/revisions"}],"predecessor-version":[{"id":10026,"href":"https:\/\/eakk.ee\/index.php?rest_route=\/wp\/v2\/pages\/2\/revisions\/10026"}],"wp:attachment":[{"href":"https:\/\/eakk.ee\/index.php?rest_route=%2Fwp%2Fv2%2Fmedia&parent=2"}],"curies":[{"name":"wp","href":"https:\/\/api.w.org\/{rel}","templated":true}]}}